{"id":23,"date":"2008-04-03T21:49:58","date_gmt":"2008-04-03T20:49:58","guid":{"rendered":"http:\/\/radio.monarchs.de\/?page_id=23"},"modified":"2026-04-07T16:18:34","modified_gmt":"2026-04-07T14:18:34","slug":"sendeplan","status":"publish","type":"page","link":"https:\/\/monarchs.tv\/?page_id=23","title":{"rendered":"Sendeplan 2026"},"content":{"rendered":"<p>Unsere \u00dcbertragungen in der Saison 2026:<\/p>\n<p><strong>18.04.<\/strong> vs. Straubing Spiders<br \/>Live-\u00dcbertragung ab 15:45 Uhr<\/p>\n<p><strong>09.05.<\/strong> vs. Braunschweig Lions<br \/>Live-\u00dcbertragung ab 15:45 Uhr<\/p>\n<p><strong>06.06.<\/strong> vs. Berlin Rebels<br \/>Live-\u00dcbertragung ab 15:45 Uhr<\/p>\n<p><strong>20.06.<\/strong> vs. Kiel Baltic Hurricanes<br \/>Live-\u00dcbertragung ab 15:45 Uhr<\/p>\n<p><strong>01.08.<\/strong> vs. D\u00fcsseldorf Panther<br \/>Live-\u00dcbertragung ab 15:45 Uhr<\/p>\n<p><strong>16.08.<\/strong> vs. Hildesheim Invaders<br \/>Live-\u00dcbertragung ab 14:45 Uhr<\/p>\n<p><strong>30.08.<\/strong> vs. Ravensburg Razorbacks<br \/>Live-\u00dcbertragung ab 14:45 Uhr<\/p>\n<p><br \/>S\u00e4mtliche Spiele der GFL werden bei Sporteurope \u00fcbertragen. Die Seite f\u00fcr unsere \u00dcbertragungen findet Ihr hier: <a href=\"https:\/\/sporteurope.tv\/dresden-monarchs\" target=\"_blank\" rel=\"noopener\">https:\/\/sportdeutschland.tv\/suche\/Dresden%2520Monarchs<\/a>. Eine \u00dcbersicht \u00fcber die \u00dcbertragungen der GFL-Spiele findet Ihr unter <a href=\"http:\/\/live.gfl.info\" target=\"_blank\" rel=\"noopener noreferrer\">http:\/\/live.gfl.info.<\/a><\/p>\n<p><em>Bitte beachtet, dass die \u00dcbertragungen der GFL ab der Saison 2023 durch Beschluss der Liga kostenpflichtig sind. <br \/><\/em><\/p>\n\n\n<p><\/p>\n","protected":false},"excerpt":{"rendered":"<p>Unsere \u00dcbertragungen in der Saison 2026: 18.04. vs. Straubing SpidersLive-\u00dcbertragung ab 15:45 Uhr 09.05. vs. Braunschweig LionsLive-\u00dcbertragung ab 15:45 Uhr 06.06. vs. Berlin RebelsLive-\u00dcbertragung ab 15:45 Uhr 20.06. vs. Kiel &#8230;<\/p>\n","protected":false},"author":1,"featured_media":0,"parent":0,"menu_order":1,"comment_status":"closed","ping_status":"open","template":"","meta":{"footnotes":""},"class_list":["post-23","page","type-page","status-publish","hentry"],"_links":{"self":[{"href":"https:\/\/monarchs.tv\/index.php?rest_route=\/wp\/v2\/pages\/23","targetHints":{"allow":["GET"]}}],"collection":[{"href":"https:\/\/monarchs.tv\/index.php?rest_route=\/wp\/v2\/pages"}],"about":[{"href":"https:\/\/monarchs.tv\/index.php?rest_route=\/wp\/v2\/types\/page"}],"author":[{"embeddable":true,"href":"https:\/\/monarchs.tv\/index.php?rest_route=\/wp\/v2\/users\/1"}],"replies":[{"embeddable":true,"href":"https:\/\/monarchs.tv\/index.php?rest_route=%2Fwp%2Fv2%2Fcomments&post=23"}],"version-history":[{"count":13,"href":"https:\/\/monarchs.tv\/index.php?rest_route=\/wp\/v2\/pages\/23\/revisions"}],"predecessor-version":[{"id":3017,"href":"https:\/\/monarchs.tv\/index.php?rest_route=\/wp\/v2\/pages\/23\/revisions\/3017"}],"wp:attachment":[{"href":"https:\/\/monarchs.tv\/index.php?rest_route=%2Fwp%2Fv2%2Fmedia&parent=23"}],"curies":[{"name":"wp","href":"https:\/\/api.w.org\/{rel}","templated":true}]}}